 -25, -5*b - 4*m = -30. What is the units digit of b?
0
Let t(n) = n**2 - 4*n - 4. Let a be t(5). Let b(d) = d + 0 + 0 + a. What is the units digit of b(5)?
6
Let z = -11 - -17. Suppose c = z*c. Suppose 4*l = -c*l + 20. What is the units digit of l?
5
Let j(w) be the third derivative of -w**4/24 - 5*w**3/6 - 3*w**2. Let c = -14 + 5. What is the units digit of j(c)?
4
Suppose -5*f + 17 = -258. What is the tens digit of f?
5
Let y(p) = -p + 3. Suppose 3*b + 24 = 5*b. Let u be (-4)/b - 32/3. What is the units digit of y(u)?
4
Suppose 3*a + 18 = 234. Let r be (7/(-14))/((-2)/a). Let x = r + 0. What is the units digit of x?
8
Let q = 18 + -13. Suppose 2*h + q*o - 48 = 0, -120 = 4*h - 9*h + o. Suppose 0 = -4*m + h + 8. What is the units digit of m?
8
Let y be 1/(-5) + 72/10. Suppose -y = z - 45. What is the units digit of z?
8
Let z = 349 - 142. What is the units digit of z?
7
Suppose 0 = -4*q - 0*k - 5*k, 4*k = 4*q. Let b(n) = -n + 9. What is the units digit of b(q)?
9
Let z = 205 + -138. Let q = -13 - -17. Suppose -5*d + z = 3*s + 11, -q*d = -16. What is the tens digit of s?
1
Suppose -4*o - 40 = -0*o. What is the units digit of 198/15 - (-2)/o?
3
Suppose 17 = -b - 5*x, -3*b = b - 5*x - 32. Suppose 2*m - b*p - 145 = -2*m, 0 = 2*m + 2*p - 90. What is the units digit of m?
0
Suppose 0 = 2*u - 3*i, -38 = -5*u - 5*i - 13. Suppose u*s = 1 + 5. Suppose -3*y + 19 = -2*l, 5*y + 4*l - 25 = s*y. What is the units digit of y?
7
Let k = -99 + 149. What is the tens digit of k?
5
Let b(p) = 7*p**3 + 2*p**2 - 2*p + 1. Let i be b(1). Let c = i + -17. Let t = c - -16. What is the units digit of t?
7
Suppose -2*o + 2*k = 20, -4*o + 9*k = 4*k + 41. Let f = -2 - o. Let j = -5 + f. What is the units digit of j?
2
What is the tens digit of 297/6 + (-6)/12?
4
Let o be 2*(-1 - 13/(-2)). Let j be o + ((-3)/1)/(-3). Suppose -4*s = -s - j. What is the units digit of s?
4
Suppose -1069 = -3*a + b, -5*a + 518 + 1257 = 5*b. What is the hundreds digit of a?
3
Let k = 16 + -12. Suppose -77 = -3*o - 4*v, -16 = 3*v - k. What is the tens digit of o?
3
Let f(a) = -23*a**3 + a**2 + 2*a + 1. Let p(j) = -j**3 + 9*j**2 - 8*j - 1. Let m be p(8). What is the units digit of f(m)?
3
Suppose 0*m + 4*x = 2*m - 6, 3*m - 2*x = 9. Suppose -2 = -m*q + q. What is the units digit of q?
1
Let t be (2 - 0)*2*1. Suppose -4*m = -5*g - 71, 0*m = -m + t*g + 15. What is the units digit of m?
9
Let v be 2 + 1 + 2 + -2. Suppose -v*q + q + 4 = -3*a, -2*q = -5*a. Suppose d + 2*x = -8, a = -4*d + 2*x - 4*x. What is the units digit of d?
2
Suppose o - 3*o = 0. Suppose -20 = -4*d, -2*u + 2*d = -o*u - 22. What is the units digit of u?
6
Let b(a) = -a**3 + 9*a**2 + a - 6. Let c be b(9). Let d be (-16)/3*2*c. Let i = -21 - d. What is the tens digit of i?
1
Let p = -85 - -182. What is the tens digit of p?
9
Suppose 41 = -5*a + 6*a. What is the units digit of a?
1
Suppose 0 = -3*f - 48 + 351. What is the hundreds digit of f?
1
Suppose -3 = 2*l - 3*l. Suppose -c + 2 = -l. Let w = c - -3. What is the units digit of w?
8
What is the tens digit of (3/9)/((-2)/(-150))?
2
Let x(a) = -2*a**2 - 4*a + 5. Let w(n) = 2*n**2 + 5*n - 4. Let y(q) = 6*w(q) + 5*x(q). Let u be y(-7). Let z = -13 + u. What is the tens digit of z?
1
Let g(y) = -y + 18. Let l be g(9). Let x(s) = 3*s - 11. What is the units digit of x(l)?
6
Suppose 4*f - 13 - 15 = 0. Let o = -1 + f. What is the units digit of o?
6
Let q(t) = -t + 22. Let a = 21 - 10. What is the tens digit of q(a)?
1
Let b = -34 + -16. Let p = -18 - b. What is the tens digit of p?
3
Let o be (-9)/27 + (-46)/(-3). Suppose 3*n + n = 4*j, 4*n = -j + o. What is the units digit of j?
3
Let k = -14 + 52. What is the tens digit of k?
3
What is the units digit of -6 + 66 + (-2 - 2)?
6
Let x = 19 + -6. What is the units digit of x?
3
Let t = -93 + 429. What is the hundreds digit of t?
3
What is the units digit of 336/(6/2) - -2?
4
What is the tens digit of 2/6 + 940/6 + -2?
5
Let o(w) = 26*w**2 + 10*w - 5. What is the tens digit of o(3)?
5
Let g(o) = -9*o + 1. Let a be (-1)/(-1 + 2) - 0. What is the units digit of g(a)?
0
Let z(x) = x**2 - 8*x + 6. Let b be ((-12)/(-7))/(4/28). Let q = b + -4. What is the units digit of z(q)?
6
Let j(c) = -3 - 2 + 4 + c. What is the units digit of j(5)?
4
Let r(n) = n**2 - n + 2. Let p be r(0). Suppose -t = -p*w - 6, -4*w - 3*t = t. Let a(l) = l**2 - 2*l - 3. What is the units digit of a(w)?
5
Suppose 2*z = t + 41, 85 = -2*z + 6*z - 5*t. What is the units digit of (-1)/4 + 325/z?
6
Suppose y - 190 = -3*u + 5*y, -3*u - 2*y = -220. What is the units digit of u?
0
Suppose -s + 4 - 1 = 0. Suppose 2*m = s*m + 2*l + 2, -3*l = m + 7. What is the units digit of m?
8
Suppose -260 = -0*h - 5*h - 5*y, 104 = 2*h - 3*y. What is the units digit of h?
2
Suppose a - 229 = -54. Suppose -5*d = -a - 20. What is the tens digit of d?
3
Suppose 6*i - 44 = 2*i. Let s = i + 5. What is the tens digit of s?
1
Suppose 0 = -3*k + v + 260, -3*v + 338 = 4*k - 0*k. What is the tens digit of k?
8
Let u(y) = -y**3 - 9*y**2 - 7*y + 11. Let g be u(-8). Suppose 2*h - v = 21, h + g*v = -h + 33. What is the units digit of h?
2
Let g(d) = -9*d + 39. Let a(o) = -2*o + 8. Let m(b) = -24*a(b) + 5*g(b). What is the units digit of m(5)?
8
Suppose 278 - 48 = j - 2*d, -3*j + 2*d = -686. What is the units digit of j?
8
Let q be 0/((-1)/((-2)/4)). Suppose 4*v + 5*y = 29, -5*v - y + 0*y + 31 = q. What is the units digit of v?
6
Let i(k) = -1 + 0 - 3 + k**2 - k. Let m be i(3). Suppose 0 = m*q - 2*z - 14, -4*z - 3 = -q - 2. What is the units digit of q?
9
Let d = 64 - 43. What is the tens digit of d?
2
Let o(h) = -h**2 + 7*h + 1. Let v be o(7). Let a = v - 0. Let b = a - -6. What is the units digit of b?
7
Let i(b) = -4*b - 8. What is the tens digit of i(-7)?
2
Let j = 431 - 248. What is the hundreds digit of j?
1
Suppose 4*s + 12 = 0, 3*y - 4*s - 6 = 15. Let t(x) = x - 2*x + 2 + y*x. What is the tens digit of t(6)?
1
Let a be (-1 - 1)/(1/(-6)). What is the tens digit of a + -3 + 0 + 1?
1
Let v(w) = w + 5. Suppose -8 = 3*s - 2*m, 0 = -s - s - 5*m - 18. Let o be (-6)/s*(-16)/6. What is the units digit of v(o)?
1
Suppose -11*o - 1325 = -16*o. What is the tens digit of o?
6
Suppose 2*s = -2*d - 10, -3*d = 2*s + d + 14. What is the units digit of -2 - -1 - -3 - s?
5
Suppose -12 = 4*j - 0. Let f be 2/6 - (-1)/j. What is the units digit of (-3)/(-2)*(2 - f)?
3
Let k = 94 - 66. What is the tens digit of k?
2
Let m(w) = -2*w**2 + 3*w - 4. Let y be m(4). Let o = 46 + y. What is the units digit of o?
2
Suppose 3*i = o - 35, 2*o - 3*i - 58 = -0*i. What is the tens digit of o?
2
Let b(d) = -2*d**3 - d - 1. Let s be b(-1). Suppose 0 = s*v + o - 1, 3*o + 23 - 8 = 0. Let f(u) = 2*u. What is the units digit of f(v)?
6
Suppose 4*o - 125 = 139. Let j be o/8 + 2/(-8). What is the units digit of (6/8)/(2/j)?
3
Let t(l) = 5*l + 2. Let k(c) = 2*c**2 - 2*c - 2. Let x be k(2). Let q be t(x). Suppose -b = 2*b - q. What is the units digit of b?
4
Suppose 255 = -0*d + 5*d - 5*n, -3*n = -2*d + 97. What is the tens digit of d?
5
What is the tens digit of (2 + 93/(-6))*-2?
2
What is the hundreds digit of 5/(-5) + 184 + 2?
1
Suppose -10 = 2*s, 0 = -l + 2*s + 3*s + 32. What is the units digit of l?
7
Let m(o) = -o**2 - 11*o - 19. What is the tens digit of m(-6)?
1
Let z be (-400)/(-18) + 6/(-27). Let c be ((-24)/(-6))/(4/z). Suppose 4*w = 3*w + c. What is the tens digit of w?
2
Suppose h + 3*p = 2*h - 5, 0 = 2*h + 4*p. Suppose 3 + h = f. What is the units digit of f?
5
Let y(t) = -3*t**3 + 3 - 2 + t - 4*t**3. Suppose 0 = -2*k - 3*k - 5. What is the units digit of y(k)?
7
Let g(l) = l**3 + 8*l**2 + 5*l - 8. Let x be g(-7). What is the units digit of (-2)/3 - (-34)/x?
5
Let u be 0/(-2) + 24/1. Suppose 0 = 8*l - 4*l + u. What is the units digit of 10/6 - 2/l?
2
Suppose 0 = i + 4*y - 1, -2 + 4 = 2*i + y. What is the units digit of ((-4)/6)/(i/(-6))?
4
Let f(r) = -r + 1. Let z be f(-6). Let c = 10 - z. What is the units digit of c?
3
Let y(p) be the second derivative of 0*p**3 + p + 0 + 7/12*p**4 + 1/2*p**2. What is the units digit of y(-1)?
8
Let c = -4 - -6. Let b(z) = 3*z**c + z + 2*z**3 - z**3 + 0*z**3. What is the units digit of b(-2)?
2
Suppose -d + 319 = 5*g, -47 = -4*g + 2*d + 197. What is the tens digit of g?
6
Suppose 112 = 2*o - 152.